{"id":55,"date":"2022-06-10T15:43:41","date_gmt":"2022-06-10T15:43:41","guid":{"rendered":"https:\/\/levante-engineering.com\/?page_id=55"},"modified":"2022-06-14T15:51:08","modified_gmt":"2022-06-14T15:51:08","slug":"datenschutz","status":"publish","type":"page","link":"https:\/\/levante-engineering.com\/?page_id=55","title":{"rendered":"Datenschutz"},"content":{"rendered":"<div class=\"fusion-fullwidth fullwidth-box fusion-builder-row-1 fusion-flex-container nonhundred-percent-fullwidth non-hundred-percent-height-scrolling\" style=\"--awb-border-radius-top-left:0px;--awb-border-radius-top-right:0px;--awb-border-radius-bottom-right:0px;--awb-border-radius-bottom-left:0px;--awb-flex-wrap:wrap;\" ><div class=\"fusion-builder-row fusion-row fusion-flex-align-items-flex-start fusion-flex-content-wrap\" style=\"max-width:1144px;margin-left: calc(-4% \/ 2 );margin-right: calc(-4% \/ 2 );\"><div class=\"fusion-layout-column fusion_builder_column fusion-builder-column-0 fusion_builder_column_1_1 1_1 fusion-flex-column\" style=\"--awb-bg-size:cover;--awb-width-large:100%;--awb-margin-top-large:0px;--awb-spacing-right-large:1.92%;--awb-margin-bottom-large:20px;--awb-spacing-left-large:1.92%;--awb-width-medium:100%;--awb-order-medium:0;--awb-spacing-right-medium:1.92%;--awb-spacing-left-medium:1.92%;--awb-width-small:100%;--awb-order-small:0;--awb-spacing-right-small:1.92%;--awb-spacing-left-small:1.92%;\"><div class=\"fusion-column-wrapper fusion-column-has-shadow fusion-flex-justify-content-flex-start fusion-content-layout-column\"><div class=\"fusion-title title fusion-title-1 sep-underline sep-solid fusion-title-text fusion-title-size-one fusion-animated\" style=\"--awb-text-color:var(--awb-color7);--awb-sep-color:var(--awb-custom11);--awb-font-size:1.9em;\" data-animationType=\"fadeInDown\" data-animationDuration=\"0.3\" data-animationOffset=\"top-into-view\"><h1 class=\"fusion-title-heading title-heading-left fusion-responsive-typography-calculated\" style=\"font-family:&quot;Montserrat&quot;;font-style:normal;font-weight:700;margin:0;font-size:1em;letter-spacing:0.1em;text-transform:none;--fontSize:34.2;--minFontSize:34.2;line-height:1.5;text-shadow:2px 2px 2px var(--awb-custom14);\">Datenschutzerkl\u00e4rung<\/h1><\/div><div class=\"fusion-text fusion-text-1\"><h4>Verantwortlich im Sinne der Datenschutzgesetzes:<\/h4>\n<div>Dipl.-Ing. Beate Kamphausen-Semaan, Architektin<\/div>\n<div>\n<div>\n<div>Lehndorffstra\u00dfe 4<\/div>\n<div>10318 Berlin<\/div>\n<div>\u00a0<\/div>\n<div>Festnetz:\u00a0 \u00a0+49 (0)\u00a0 \u00a0 30 &#8211;\u00a0 548 94 081\u00a0 \u00a0 \u00a0\u00a0<\/div>\n<div>mobil:\u00a0 \u00a0 \u00a0 \u00a0 +49 (0)\u00a0 173 &#8211;\u00a0 684 36 98<\/div>\n<div>\u00a0<\/div>\n<div>beatekamphausen@aol.com<\/div>\n<\/div>\n<\/div>\n<h4>Datenschutz<\/h4>\n<p>Als Webseitenbetreiber nehmen wir den Schutz aller pers\u00f6nlichen Daten sehr ernst. Alle personenbezogenen Informationen werden vertraulich und gem\u00e4\u00df den gesetzlichen Vorschriften behandelt, wie in dieser Datenschutzerkl\u00e4rung erl\u00e4utert.<\/p>\n<p>Unserer Webseite kann selbstverst\u00e4ndlich genutzt werden, ohne dass Sie pers\u00f6nliche Daten angeben. Wenn jedoch zu irgendeinem Zeitpunkt pers\u00f6nliche Daten wie z.B. Name, Adresse oder E-Mail abgefragt werden, wird dies auf freiwilliger Basis geschehen. Niemals werden von uns erhobene Daten ohne Ihre spezielle Genehmigung an Dritte weitergegeben.<\/p>\n<p>Daten\u00fcbertragung im Internet, wie zum Beispiel \u00fcber E-Mail, kann immer Sicherheitsl\u00fccken aufweisen. Der komplette Schutz der Daten ist im Internet nicht m\u00f6glich.<\/p>\n<h4>Datenschutzerkl\u00e4rung Google Analytics<\/h4>\n<p>Unsere Website nutzt den Analysedienst Google Analytics, betrieben von Google Inc. 1600 Amphitheatre Parkway Mountain View, CA 94043, USA. Google Analytics nutzt \u201cCookies\u201d, das sind kleine Textdateien, die in Ihrem Browser gespeichert werden und die es erm\u00f6glichen, die Nutzung unserer Website durch die Besucher zu analysieren. Von den Cookies werden Daten \u00fcber Ihre Nutzung unserer Webseite gesammelt, die normalerweise an einen Google-Server in den USA \u00fcbertragen und gespeichert werden.<\/p>\n<p>Wenn die IP-Anonymisierung auf unserer Webseite aktiviert wurde, wird Ihre IP-Adresse von Google innerhalb der Mitgliedstaaten der Europ\u00e4ischen Union oder in anderen Vertragsstaaten des Abkommens \u00fcber den Europ\u00e4ischen Wirtschaftsraum vorab gek\u00fcrzt. In seltenen Ausnahmef\u00e4llen kann die komplette IP-Adresse an einen Google Server in den USA \u00fcbertragen werden, dann wird diese dort gek\u00fcrzt. Google nutzt diese Daten in unserem Auftrag, um die Nutzung unserer Website auszuwerten, um Berichte \u00fcber die Webseitenaktivit\u00e4ten zu erstellen sowie um weitere Dienstleistungen anzubieten, die mit der Webseitennutzung und Internetnutzung zusammenh\u00e4ngen. Die von Google Analytics erfassten IP-Adressen werden nicht mit anderen Daten von Google korreliert.<\/p>\n<p>Die Speicherung von Cookies kann durch eine spezielle Einstellung in Ihrem Browser verweigert werden. In diesem Fall ist jedoch die Funktionalit\u00e4t unserer Webseite im vollen Umfang nicht gew\u00e4hrleistet. Zus\u00e4tzlich steht ihnen ein Browser-Plugin zu Verf\u00fcgung, mit dem Sie die Sammlung der auf Ihre Nutzung der Website bezogenen erzeugten Daten und IP-Adressen durch Google verhindern k\u00f6nnen. Mehr Informationen dazu finden Sie hier: http:\/\/tools.google.com\/dlpage\/gaoptout?hl=de<\/p>\n<h4>Datenschutzerkl\u00e4rung Google +1<\/h4>\n<p>Auf unsere Seiten werden Funktionen von Google +1 genutzt, angeboten von Google Inc. 1600 Amphitheatre Parkway Mountain View, CA 94043, USA.<\/p>\n<p>Sammlung und \u00dcbertragung von Daten: Sie k\u00f6nnen die Google +1-Schaltfl\u00e4che nutzen, um Informationen weltweit zu ver\u00f6ffentlichen. Die Google +1-Schaltfl\u00e4che pr\u00e4sentiert Ihnen und anderen Nutzern individuell abgestimmte Inhalte von Google und deren Partnern. Google sammelt Daten \u00fcber die Informationen, die Sie f\u00fcr einen +1 Inhalt gegeben haben, sowie Daten \u00fcber die Webseite, die Sie angesehen haben, w\u00e4hrend Sie auf +1 geklickt haben. Ihre +1 Daten k\u00f6nnen zusammen mit Ihrem Profilnamen und Ihrem Foto in unterschiedlichen Google-Diensten, wie Suchergebnissen, Ihrem Google-Profil, sowie auf Webseiten und Werbeanzeigen im Internet eingeblendet werden. Informationen \u00fcber Ihre +1-Aktivit\u00e4ten werden von Google aufgezeichnet, um die von Ihnen genutzten Google-Dienste zu verbessern. Um Google +1 Schaltfl\u00e4chen nutzen zu k\u00f6nnen, m\u00fcssen Sie \u00fcber ein \u00f6ffentliches Google-Profil verf\u00fcgen, in dem mindestens der Name des Profils enthalten sein muss. Alle Google-Dienste verwenden diesen Profilnamen. Manchmal kann dieser Name auch einen anderen Namen ersetzen, den Sie verwendet haben, wenn Inhalte \u00fcber Ihr Google-Konto mit anderen Nutzern geteilt wurden. Nutzern, die Ihre E-Mail-Adresse kennen oder \u00fcber andere identifizierende Daten von Ihnen verf\u00fcgen, kann die Identit\u00e4t Ihres Google-Profils angezeigt werden.<\/p>\n<p>Nutzung der gesammelten Daten: Zus\u00e4tzlich zu der bereits beschriebenen Nutzung unterliegen die von Ihnen bereitgestellten Daten den geltenden Google-Datenschutzbestimmungen. Google kann allgemeine Statistiken \u00fcber die +1-Aktivit\u00e4ten der Nutzer ver\u00f6ffentlichen, oder diese an Nutzer und Partner, wie Publisher, Inserenten oder Partner- Webseiten, weitergeben.<\/p>\n<h4>Auskunft, L\u00f6schung, Sperrung<\/h4>\n<p>Zu jedem Zeitpunkt k\u00f6nnen Sie sich \u00fcber die personenbezogenen Daten, deren Herkunft und Empf\u00e4nger und den Nutzen der Datenverarbeitung informieren und unentgeltlich eine Korrektur, Sperrung oder L\u00f6schung dieser Daten verlangen. Bitte nutzen Sie daf\u00fcr die im Impressum angegebenen Kontaktwege. F\u00fcr weitere Fragen zum Thema stehen wir Ihnen ebenfalls jederzeit zur Verf\u00fcgung.<\/p>\n<h4>Server-Log-Files<\/h4>\n<p>Der Seiten-Provider erhebt und speichert automatisch Daten in Server-Log Files, die von Ihrem Browser an uns \u00fcbermittelt werden. Diese Daten enthalten:<\/p>\n<p>\u2013 Browsertyp\/ Browserversion<\/p>\n<p>\u2013 Betriebssystem des Rechners<\/p>\n<p>\u2013 Referrer URL<\/p>\n<p>\u2013 Hostname des zugreifenden Rechners<\/p>\n<p>\u2013 Uhrzeit der Serveranfrage<\/p>\n<p>Diese Daten sind nicht personenbezogen. Es erfolgt keine Zusammenf\u00fchrung dieser Daten mit anderen Datenquellen. Wenn uns konkrete Anhaltspunkte f\u00fcr eine rechtswidrige Nutzung bekannt werden behalten wir uns das Recht vor, diese Daten nachtr\u00e4glich zu \u00fcberpr\u00fcfen.<\/p>\n<h4>Cookies<\/h4>\n<p>Viele Internetseiten verwenden Cookies. Cookies sind unsch\u00e4dlich f\u00fcr Ihren Rechner und virenfrei. Sie dienen dazu, Internet-Angebote f\u00fcr die Besucher einer Webseite freundlicher, effektiver und sicherer zu machen. Cookies sind kleine Textdateien, die auf Ihrem Computer abgelegt werden und die Ihr Browser verwendet.<\/p>\n<p>Wir verwenden in der Regel so genannte \u201eSession-Cookies\u201c. Diese werden nach Verlassen unserer Seite automatisch gel\u00f6scht. Andere Cookies bleiben auf Ihrem Computer gespeichert, bis Sie diese l\u00f6schen. Diese Cookies helfen dabei, Ihren Rechner beim n\u00e4chsten Besuch wiederzuerkennen.<\/p>\n<p>\u00dcber die Browsereinstellungen k\u00f6nnen sie festlegen, dass Sie \u00fcber neue Cookies informiert werden und Cookies jeweils annehmen m\u00fcssen. Ebenso k\u00f6nnen Sie die Annahme von Cookies f\u00fcr bestimmte F\u00e4lle oder generell ausschlie\u00dfen oder das automatische L\u00f6schen der Cookies beim Schlie\u00dfen des Browser aktivieren. Werden Cookies desaktiviert, kann die Funktionalit\u00e4t unserer Website eingeschr\u00e4nkt sein.<\/p>\n<h4>Kontaktformular<\/h4>\n<p>Kontaktdaten, die uns \u00fcber unser Kontaktformular erreichen, werden inklusive des Inhalts der Anfrage f\u00fcr Bearbeitungszwecke und f\u00fcr m\u00f6gliche Anschlussfragen gespeichert. Diese Daten werden ohne Ihre spezifische Zustimmung nicht weitergegeben.<\/p>\n<h4>Werbe-Mails Widerspruch<\/h4>\n<p>Wir untersagen hiermit ausdr\u00fccklich der Nutzung der im Impressum ver\u00f6ffentlichten Kontaktdaten zur \u00dcbersendung von nicht ausdr\u00fccklich angeforderter Werbung und Informationsmaterialien. Im Falle der unverlangten Zusendung von Werbeinformationen, etwa durch Spam-E-Mails, halten sich die Betreiber der Webseitenrechtliche Schritte vor.<\/p>\n<h4>Newsletterdaten<\/h4>\n<p>F\u00fcr die Nutzung des von uns angebotenen Newsletter Dienstes werden pers\u00f6nliche Angaben wie E-Mail-Adresse erhoben. Zus\u00e4tzlich werden Informationen verlangt, welche uns gestatten zu pr\u00fcfen, dass Sie der Inhaber der angegebenen E-Mail-Adresse und mit dem Empfang des Newsletters einverstanden sind. Alle Informationen werden nur f\u00fcr den Versand der Newsletter verwendet, sie werden nicht an Dritte weitergegeben.<\/p>\n<p>Sie k\u00f6nnen jederzeit ihre erteilte Einwilligung zur Speicherung der Daten, der E-Mail-Adresse sowie deren Nutzung zum Versand des Newsletters widerrufen. Im Newsletter steht Ihnen daf\u00fcr ein \u201eAustragen\u201c-Link zur Verf\u00fcgung.<\/p>\n<h4>\u00c4nderung der Datenschutzbestimmungen<\/h4>\n<p>Unsere Datenschutzerkl\u00e4rung k\u00f6nnen in unregelm\u00e4\u00dfigen Abst\u00e4nden angepasst werden, damit sie den aktuellen rechtlichen Anforderungen entsprechen oder um \u00c4nderungen unserer Dienstleistungen umzusetzen, z. B. bei der Einf\u00fcgung neuer Angebote. F\u00fcr Ihren n\u00e4chsten Besuch gilt dann automatisch die neue Datenschutzerkl\u00e4rung.<\/p>\n<h4>Kontakt zum Datenschutzmitarbeiter<\/h4>\n<p>F\u00fcr Fragen zum Datenschutz schicken Sie uns bitte eine Nachricht an stylianou@gmx.de mit dem Betreff \u201eDatenschutz\u201c.<\/p>\n<p>Diese Widerrufsbelehrung Seite wurde mit <strong><em>datenschutzerkl\u00e4rungmuster.de<\/em><\/strong> erstellt.<\/p>\n<\/div><\/div><\/div><\/div><\/div>\n","protected":false},"excerpt":{"rendered":"","protected":false},"author":1,"featured_media":0,"parent":0,"menu_order":0,"comment_status":"closed","ping_status":"closed","template":"","meta":{"footnotes":""},"class_list":["post-55","page","type-page","status-publish","hentry"],"_links":{"self":[{"href":"https:\/\/levante-engineering.com\/index.php?rest_route=\/wp\/v2\/pages\/55","targetHints":{"allow":["GET"]}}],"collection":[{"href":"https:\/\/levante-engineering.com\/index.php?rest_route=\/wp\/v2\/pages"}],"about":[{"href":"https:\/\/levante-engineering.com\/index.php?rest_route=\/wp\/v2\/types\/page"}],"author":[{"embeddable":true,"href":"https:\/\/levante-engineering.com\/index.php?rest_route=\/wp\/v2\/users\/1"}],"replies":[{"embeddable":true,"href":"https:\/\/levante-engineering.com\/index.php?rest_route=%2Fwp%2Fv2%2Fcomments&post=55"}],"version-history":[{"count":4,"href":"https:\/\/levante-engineering.com\/index.php?rest_route=\/wp\/v2\/pages\/55\/revisions"}],"predecessor-version":[{"id":255,"href":"https:\/\/levante-engineering.com\/index.php?rest_route=\/wp\/v2\/pages\/55\/revisions\/255"}],"wp:attachment":[{"href":"https:\/\/levante-engineering.com\/index.php?rest_route=%2Fwp%2Fv2%2Fmedia&parent=55"}],"curies":[{"name":"wp","href":"https:\/\/api.w.org\/{rel}","templated":true}]}}